r. What is the greatest common factor of 32 and r?
16
Let u = 33 - 18. Let r(i) = -i**2 + 3*i + 3. Let l be r(3). Let q be (0 - 2) + 74 + l. Calculate the greatest common divisor of q and u.
15
Suppose 6*p - 95 = p. Let s(f) = 2*f**2 - 12*f - 4. Let a be s(10). Calculate the greatest common factor of p and a.
19
Let h = 6 + 6. What is the highest common factor of h and 24?
12
Let u(b) = 53*b + 1. Let t be u(1). What is the highest common divisor of 18 and t?
18
Let a be (0 - -1)/(1/88). Calculate the greatest common factor of 22 and a.
22
Let f(a) = -2*a**3 - 17*a**2 + 9*a + 4. Let k be f(-9). Calculate the highest common divisor of k and 4.
4
Suppose -4*r - 7*r + 154 = 0. Calculate the greatest common factor of 2 and r.
2
Let r = 3 + 0. Let u be 408/(-36)*r/(-2). What is the highest common factor of 119 and u?
17
Let o(q) = -q**3 - 3*q**2 - 4*q - 4. Let m be o(-3). Suppose 5*f - 2*f - 12 = 0. What is the greatest common factor of f and m?
4
Let g(a) = a**3 + 9*a**2 + 4. Let h be g(-9). Let f be 2/h + 717/6. What is the highest common divisor of 15 and f?
15
Suppose 4*d + 3*g = 143, 0 = -g - g + 10. What is the greatest common divisor of 4 and d?
4
Let i = -9 + 25. Let t be 8/44 - 1054/(-11). Suppose -t = 3*k - 6*k. Calculate the highest common factor of k and i.
16
Let n = -78 + 331. What is the greatest common factor of n and 23?
23
Suppose 126 = 2*r + 76. Calculate the highest common factor of r and 25.
25
Let s(m) = 9*m - 23. Let g be s(7). Let y = 12 - 2. What is the greatest common factor of y and g?
10
Let f be -26*(-2)/4 + -1. Suppose -45 = -3*z - f. Calculate the highest common divisor of z and 11.
11
Let f(t) = 2*t**2 + 5*t + 5. Let z be f(-5). Calculate the greatest common divisor of z and 20.
10
Let m be ((-84)/5)/((-6)/20). What is the highest common factor of m and 8?
8
Suppose -4*g + 2*k = 14, -1 = 5*k + 24. Let n be (-3)/((-9)/g) + 1. Let f = 7 - n. Calculate the highest common divisor of 88 and f.
8
Let b = -56 + 76. Suppose -2*o + 49 = 5*g + 3, 0 = -5*g + 2*o + 34. Suppose -b = -4*q + g. What is the highest common factor of 77 and q?
7
Suppose 5*k - 124 = 206. Suppose 0 = -2*c + 4*c - 3*q - 44, 3*c - k = -2*q. Calculate the greatest common factor of 55 and c.
11
Suppose 7*g - 4*g = -3. Let j = g - -6. Suppose -9*l + 4*l = -100. Calculate the greatest common divisor of j and l.
5
Let d(z) be the third derivative of -z**4/6 + 2*z**2. Let q be d(-1). Let c(p) = -p**2 + 4*p + 6. Let l be c(5). What is the highest common divisor of q and l?
1
Suppose 0 = -d - 10 + 29. Let l = -11 + d. Let s = 176 - 112. Calculate the highest common factor of s and l.
8
Let r = -11 - -14. What is the highest common divisor of r and 6?
3
Suppose b - 4 = 1. Calculate the highest common divisor of 1 and b.
1
Let i be (2/(-3))/(2/(-15)). Suppose -i*f = -11 - 4, -4*a + 2*f + 10 = 0. What is the highest common factor of a and 16?
4
Let v(q) = q + 10. Let f be v(5). Suppose -59 = -5*u - s, 2*u - 3*s - f = u. Calculate the highest common factor of 12 and u.
12
Let d be ((-96)/(-10))/((-34)/(-255)). What is the greatest common factor of d and 8?
8
Suppose -4 + 1 = d. Let r = 3 + d. Let j be 54 - ((-1 - 2) + r). Calculate the highest common divisor of 38 and j.
19
Let x(z) = -z**2 + 10*z - 14. Let f be x(6). Let y = 91 - 51. Calculate the greatest common factor of y and f.
10
Suppose -2*r = 4*j - 66, 0 = -2*r + 2. Let y = -21 + 29. What is the highest common divisor of j and y?
8
Suppose 0 = x + 3 - 4. Let i be 2*(-3 - -4)/x. Let w be 22*(i - (-9)/(-6)). What is the highest common factor of w and 55?
11
Let z be (-914)/(-10) + 4/(-10). Suppose -3*o = -12 - 27. Calculate the greatest common divisor of z and o.
13
Let b = -17 + 28. What is the greatest common factor of b and 99?
11
Let a(m) = m**3 + 10*m**2 - 15*m - 2. Let c be a(-11). What is the highest common factor of c and 336?
42
Let j = -74 + 28. Let z be 5*(j/(-10) + -3). What is the highest common divisor of 1 and z?
1
Suppose -3*r = 5*f - 50, -r + 6*r - 30 = 5*f. Let c be ((-6)/(-5))/(3/10). What is the highest common factor of c and r?
2
Let r be (27/2)/((-3)/6). Let l be -3*6/r*3. Suppose l*x - 4 = 6, -2*x = 2*k - 16. What is the highest common divisor of 6 and k?
3
Suppose 3 = -3*x - 3, 4*b = -5*x + 62. Let c = 45 + 4. Let g = c + -31. What is the highest common divisor of g and b?
18
Let d(c) = 22*c - 6. Let k be d(6). Suppose 4*i - 83 = 105. Let s = i + -29. What is the greatest common factor of s and k?
18
Suppose 4*z = 67 + 221. Suppose 5*t + z = y, -5*t + 79 + 3 = y. What is the greatest common divisor of y and 11?
11
Suppose d = -7 - 2. Let z be 3*(-3)/(d/4). Let y be z/(-14) + (-30)/(-7). What is the highest common factor of y and 44?
4
Let j(r) = -r**2 + 7*r - 1. Let v be j(6). Suppose 2*m = v*m - 63. Suppose 35 = 2*c + 3*c. What is the greatest common factor of m and c?
7
Suppose 0 = -3*f + 3*w + 54, -f = -6*f + 4*w + 89. What is the greatest common divisor of f and 85?
17
Let h be (24/(-7))/(16/(-56)). What is the highest common factor of h and 72?
12
Let d = 43 - 16. Calculate the highest common divisor of 3 and d.
3
Suppose -3*c - 14 = -2*t, t - 2*t + 14 = -5*c. Let y(x) = -3*x**3 + 3*x**2 + x - 1. Let l be y(c). What is the highest common divisor of 11 and l?
11
Let b = 0 + -14. Let g = b - -22. What is the greatest common factor of g and 40?
8
Let j(n) = n + 5. Suppose -4*d - 2*h = -6 + 16, d + 20 = -4*h. Let z be j(d). Suppose 8 + 2 = z*t. Calculate the greatest common factor of t and 8.
2
Let b(c) = -c**3 - 9*c**2 - 10*c + 4. Suppose -5*x = -3*x + 16. Let y be b(x). Calculate the greatest common factor of 180 and y.
20
Suppose 0*g + 11 = -a - 2*g, 0 = -5*a - 2*g - 23. Let j be 388/6 - 1/a. Let f = 40 - 27. What is the greatest common divisor of f and j?
13
Let q = 198 + -196. Let r be 2/(-3)*(-6)/(-2). Let b be (1*r)/(1/(-1)). What is the greatest common factor of q and b?
2
Let c = 208 - 156. Calculate the highest common factor of 260 and c.
52
Let s be ((-8)/(-10))/((-6)/(-15)). What is the greatest common factor of 16 and s?
2
Let a = 59 - 32. Let f(d) = -d**2 + 10*d - 12. Let x be f(7). What is the greatest common factor of x and a?
9
Let n = 12 + -5. Suppose 3*c = n*c - 8. What is the greatest common factor of 2 and c?
2
Let q be (-2 + 3)/((-323)/162 + 2). Calculate the greatest common divisor of 18 and q.
18
Let v = -2 - -4. What is the greatest common factor of 8 and v?
2
Let f = 5 + 9. What is the greatest common factor of f and 126?
14
Suppose 2*m - 5*n - 692 = 0, 4*n - 133 = -2*m + 523. What is the greatest common factor of 42 and m?
42
Suppose 2*r - 47 = -3*r - h, 5*r - 4*h = 37. Suppose 0 = w - 0*w - 4*i + 7, -3*i + 6 = 0. Let j = w - -8. Calculate the highest common divisor of r and j.
9
Let x be (2 - 3)/((-3)/60). What is the highest common factor of 8 and x?
4
Let p be (-48)/32*(-8)/6. Suppose 2*r + p*g = 34, 0 = 2*r + 3*g - 33 + 3. What is the greatest common factor of 189 and r?
21
Suppose -g + 8 = 3*g. Let i be (-1)/g + (-164)/(-8). What is the highest common divisor of 5 and i?
5
Let m = -30 + 150. Calculate the greatest common divisor of 48 and m.
24
Suppose 0*m + 12 = 4*m. Suppose 3*o = -o - m*s + 13, 5*s = -3*o + 18. Let p(i) = i + 1. Let d be p(3). What is the highest common divisor of d and o?
1
Suppose -56*c = -59*c + 18. Calculate the highest common divisor of 6 and c.
6
Let g be (-3)/(-2) + (-1)/2. Suppose 0 = -2*z - s - 0*s - 1, 0 = -z - s - g. Suppose -f + 66 - 1 = z. What is the greatest common divisor of f and 26?
13
Let v be 18/8 - 2/8. Suppose -2 = -v*f, 0 = -0*t - 2*t - 3*f + 51. Suppose -q + t = q. Calculate the greatest common divisor of 48 and q.
12
Let p be -3 + (102 - (-3 - -1)). Let d = p + -56. Suppose -k = 4*k - 150. Calculate the greatest common factor of d and k.
15
Suppose -14 - 58 = -6*x. Calculate the highest common divisor of 28 and x.
4
Let t be 2/(0 - (-2)/64). Let u(g) = g**2 + 9*g - 6. Let b be u(-11). What is the greatest common factor of b and t?
16
Let x be ((-15)/2)/((-6)/32). What is the highest common factor of 20 and x?
20
Let z = -17 + 45. Calculate the greatest common divisor of 28 and z.
28
Suppose -m - l - 1 = 2, -2*m + 2*l + 2 = 0. Let a be m/(-2) + 351/2. Calculate the greatest common factor of a and 16.
16
Suppo